alculate the highest common factor of g and d.
36
Suppose -690*l = -704*l + 2184. Suppose 0 = -6*h + 3*h + 18. What is the greatest common factor of h and l?
6
Let m = 10 + 30. What is the greatest common divisor of m and 360?
40
Suppose -j + 98 = 6*j. Suppose -122 - 18 = -z. What is the greatest common factor of j and z?
14
Let l(j) = 29*j - 13. Let c be l(2). Suppose -5*m - 10 = -7*m. Suppose -m = -v + 10. What is the highest common divisor of c and v?
15
Suppose 5*n - 883 = 77. Let c = 67 - 43. What is the greatest common factor of c and n?
24
Let x(d) = d + 6. Let o(u) = 3*u + 13. Let z(j) = -2*o(j) + 5*x(j). Let g be z(6). Let h be 560/10 - (-2 + g). Calculate the greatest common factor of h and 90.
30
Let k = 267 - 134. Let z be 6/39 + (-1225)/(-65). What is the greatest common factor of z and k?
19
Let r be 22*3/15 + (-2)/5. Suppose -r*f - 65 = -9*f - u, f + 1 = -3*u. What is the greatest common factor of f and 84?
14
Let a = 4 - -2. Let w(z) = -2*z + 36. Let v be w(15). What is the greatest common divisor of v and a?
6
Suppose 0 = -5*p - 2*o, 0 = -3*p + 6*p + 2*o. Suppose p = -v - 11*v + 144. What is the greatest common factor of v and 12?
12
Let r = 70 + -38. Let q be r/24 - 2/6. Let h be -1 - (3 + -23) - q. Calculate the highest common divisor of h and 2.
2
Let b(u) = -4*u. Let r be b(-3). Let y(s) = -22*s**3 - s**2 - 3*s - 2. Let k be y(-1). Let w = k - r. What is the greatest common factor of 10 and w?
10
Suppose 993 = 4*n + 3*h - 102, 0 = -4*n - 2*h + 1090. Calculate the highest common divisor of n and 108.
54
Let j(g) = 21*g**3 - 1. Let l be j(1). Suppose -4*q - 50 = -5*d + q, -2*d = 3*q + 5. Calculate the highest common divisor of d and l.
5
Let d(q) = -3*q**2 - 148*q + 111. Let f be d(-50). What is the highest common divisor of 2343 and f?
11
Let h be (34/4)/((-1)/(-2)). Suppose 0 = 3*y + 2 - h. What is the highest common divisor of 45 and y?
5
Let r be (2/3)/(-1 - 434/(-432)). What is the highest common factor of 168 and r?
24
Let r(j) = j**3 + 6*j**2 + 5*j + 2. Let f be r(-4). Let s be 1292/46 + (-2)/23. Calculate the greatest common divisor of f and s.
14
Let b be (9 + (-3 - -72))*(-8)/(-6). Calculate the highest common factor of 39 and b.
13
Suppose 2*w - 1449 = 167. What is the greatest common factor of w and 101?
101
Suppose 6*u - 3*u - 54 = 0. Let d be 2 - (-41)/1 - -1. Suppose -4*a + 0*f = -2*f - d, 0 = -2*a + 4*f + 34. What is the highest common divisor of a and u?
9
Let a(r) = 8*r - 16 + 41 - 14*r - 2*r**2 - 14*r. Let y be a(-11). Calculate the greatest common divisor of 15 and y.
3
Suppose -17*r + 13*r - 3*s + 3892 = 0, -2*s = -8. Calculate the greatest common factor of 20 and r.
10
Suppose 11*m - 440 = 220. Calculate the highest common factor of m and 90.
30
Let l(q) = 33*q + 195. Let y be l(10). Calculate the greatest common divisor of 150 and y.
75
Let o = -1586 + 1600. What is the highest common divisor of 2758 and o?
14
Suppose 5*m + 12*g - 189 = 15*g, -4*m + 159 = -5*g. What is the greatest common divisor of m and 9?
9
Let m(p) = 145*p - 7. Let o be m(4). Suppose -a - o = -4*a. Let h = a - 116. What is the greatest common divisor of h and 30?
15
Suppose -4*j + 86 = 754. Let u = j + 235. What is the highest common divisor of 17 and u?
17
Suppose 0 = 4*s - 4*l + 1574 - 5306, -2*s = -4*l - 1862. Calculate the greatest common factor of 55 and s.
55
Let s(v) be the third derivative of v**6/120 - v**5/10 + v**4/24 + 4*v**3/3 + 10*v**2. Let w be s(7). Calculate the greatest common divisor of 4 and w.
4
Let m = 13 - -12. Let b(k) = 17*k**2 + 16*k**2 + 5 - m*k**2 + 5*k - k**3. Let o be b(8). What is the greatest common divisor of 18 and o?
9
Let g = 638 + -454. Calculate the greatest common factor of 69 and g.
23
Suppose 45 = -10*m + 25*m. Suppose 0 = -3*j + 5*j + 4, m*f = -3*j + 255. Calculate the highest common factor of 29 and f.
29
Let v(c) = 3*c**2 - 21*c - 95. Let k be v(-4). What is the highest common factor of 1591 and k?
37
Let x(c) = -105*c. Let b(f) = -f**2 + f + 1. Let t be b(-1). Let z be x(t). Suppose 71 + z = 4*o. What is the highest common factor of 11 and o?
11
Suppose 11*b = -785 + 1247. Suppose 7*z - 3*z = 1680. What is the greatest common factor of z and b?
42
Suppose -111*w + 104*w = -504. Suppose -4*i = -3*p + 2, 3*i = -0*i + 12. Suppose -m = -3*t - 2*m + 29, -p = -3*m. What is the greatest common factor of w and t?
9
Let v(d) = 3*d + 20. Let u be v(12). Let l = u + -30. What is the highest common factor of 234 and l?
26
Suppose 0 = a - 5*a - 8. Let b(f) = -f**3 - 2*f**2 + 3*f + 3. Let v be b(a). Let y be 3*v/((-18)/4). Calculate the highest common factor of 8 and y.
2
Let c = 53 - 62. Let x be 1 + 2 - 4 - c. Calculate the greatest common factor of x and 8.
8
Suppose -2*j + 3 = -7. Let o be (-42)/35*(0 - j). Calculate the greatest common divisor of 42 and o.
6
Let r be 7/2 - ((-2)/(-4))/(-1). Suppose 2*n - 398 = 2*k, -k - 979 = -n - r*n. What is the greatest common divisor of 65 and n?
65
Let d be (-158)/(-4) + (-2)/(-4). Suppose 4*w = -w + d. Let l be 4/(-16) - (-90)/w. What is the highest common divisor of l and 1?
1
Let f = 1149 + -1044. What is the greatest common divisor of 490 and f?
35
Suppose 3*h = -5*u - 2*h + 50, -2*h + 29 = 3*u. Suppose -12 - 52 = -2*q. Suppose -4 - q = -l. What is the highest common factor of l and u?
9
Let t be ((-507)/(-6) - (-3)/(-6)) + 4. What is the highest common factor of 40 and t?
8
Suppose 7*l - 264 = 65. Suppose -13 = -3*u + l. Calculate the greatest common factor of u and 30.
10
Let x = -84 - -98. Let y be (-2809)/4 - 2/(-8). Let n be (-1)/5 + y/(-10). Calculate the greatest common factor of n and x.
14
Let m be 31 + 3 + 1 + -3. Suppose -4 = 2*z + c - 1, -12 = 3*z + 4*c. Suppose z*o - 24 = -3*o. What is the greatest common divisor of o and m?
8
Let x(t) = -t**3 - 2*t**2 + 4*t + 7. Let o be x(-3). Suppose 3*g - 48 = -j, g + 4*g = -o*j + 164. What is the greatest common divisor of j and 144?
36
Let q = -32 + 38. Let f = 18 - q. Suppose -3*b - f + 21 = 0. Calculate the highest common factor of b and 15.
3
Suppose -4*m + 3*l + 270 = 21, -4*m + 2*l = -250. Calculate the highest common factor of m and 42.
21
Let a be (-1)/(-8)*-2 - 51/(-12). Suppose -3 = a*f - 35. What is the highest common factor of 72 and f?
8
Let u = 18 - 51. Let k be (-22)/u + (-62)/(-6). Suppose -4*p = -5*i + k + 1, -3*i + 8 = -2*p. What is the highest common factor of 6 and p?
2
Let w(d) = 2*d**3 - 2*d**2 - 9*d - 1. Let c be w(3). Let i be (-12)/(0 + 3/(-2)). Calculate the greatest common factor of c and i.
8
Suppose 0 = -3*i - 3*c + 603, 0 = 4*c + 5 + 11. What is the greatest common factor of i and 41?
41
Let z be (146/8)/((-2)/(-8)). Let w = 123 - z. What is the greatest common factor of w and 25?
25
Suppose 0 = 5*f + 20, -f = 2*x + 3*x - 1316. Let z be (x/(-18))/(2/(-9)). What is the highest common divisor of 6 and z?
6
Let w be 2*-2*(-1325)/106. What is the greatest common factor of 70 and w?
10
Suppose -193 - 11 = -102*r. Let b = 28 + -6. Calculate the greatest common factor of r and b.
2
Suppose -2*y + 3*a = 1 - 18, 0 = 2*y - 5*a - 23. Let l be 3 - (29 + y)/(-3). Let b = 10 + l. What is the highest common divisor of 8 and b?
8
Let v be (-1410)/(-6) + (4 - (5 + -4)). Calculate the greatest common divisor of 14 and v.
14
Let j be (95/(-25))/(((-18)/(-20))/(-9)). What is the greatest common divisor of j and 342?
38
Let c be (-1*1)/((-2)/46). Let t = c - -15. Let g = t + -16. Calculate the greatest common divisor of 55 and g.
11
Let m(f) = -f**2 - 6*f + 4. Let a be m(-4). Suppose -a = r + r. Let c = r + 15. What is the highest common factor of c and 3?
3
Suppose -h = 2*h - 159. Let u = h + -22. Suppose -a = -0*r + 2*r - 17, -3*r + 4*a + u = 0. Calculate the highest common factor of 45 and r.
9
Suppose 0 = -0*h - 3*h + 4*q + 18, -4*h = -4*q - 28. Calculate the highest common divisor of h and 3.
1
Let m(c) = 8*c + 8. Let t be m(1). Calculate the greatest common factor of t and 12.
4
Suppose 0 = -v + 4 + 2. Let f = v - 6. Let w be -3 - -1 - (f + -6). What is the highest common factor of w and 1?
1
Suppose 0 = -2*z + 3*z - 11. Let u = 29 - z. Suppose 3*p - 2*t = 24, -3*t + 5*t + u = 2*p. Calculate the greatest common divisor of 12 and p.
6
Let z be -3 - (-22)/8 - (-685)/20. What is the hig